/(2/320).
2
Let x = -412 - -415. What are the prime factors of x?
3
Suppose x - b + 41 = 1104, 3*x = 4*b + 3189. What are the prime factors of x?
1063
Let c(d) = -d**3 - 11*d**2 - 18*d + 4. Let w be c(-9). Suppose -o - 3*q = -169, -4*o - w*q = -0*q - 684. List the prime factors of o.
2, 43
Let a be 12/(-3)*(-6)/8. Let k = a + -1. Suppose 27 = k*i + i. What are the prime factors of i?
3
List the prime factors of 824 + 6 + -10 + 5 + 2.
827
Suppose 2*p - 1195 = -2*o - 217, 0 = 2*o - p - 975. Suppose -t - 4*u + o = 3*t, -2*t = u - 240. List the prime factors of t.
2, 59
Let b(s) = 214*s + 200. List the prime factors of b(9).
2, 1063
Let w = -284 + 426. List the prime factors of w.
2, 71
Suppose 2*z - 12 = 4*n - 2*n, 3*z - 4*n = 22. Suppose 4*b - l - 61 = z*l, 0 = l - 1. List the prime factors of b.
2
Let w = -10 + 15. Suppose 0 = h - 3, 2*h - w - 16 = -5*k. Suppose k*l + 128 = 7*l. What are the prime factors of l?
2
Let k(h) = h**2 + h - 1. Let z(c) = -6*c**3 + 9*c**2 + 2*c - 5. Let m(i) = 5*k(i) - z(i). Let x be m(2). Suppose 5*t = 92 + x. List the prime factors of t.
2, 13
Let r = -25 + 29. Let s(y) = 3*y - 10. Let x be s(r). What are the prime factors of x/(-11) + 752/22?
2, 17
Suppose 0 = 3*j - 1015 - 20. List the prime factors of j/7 + 16/(-56).
7
What are the prime factors of ((-19144)/((-8)/1))/(-1 + 2)?
2393
Let a(l) = 4*l**2 + 66*l + 2. What are the prime factors of a(-19)?
2, 3
Let t be (1 + 9/6)*2. Let b = -138 - -140. Suppose b*c - t - 5 = 0. List the prime factors of c.
5
Let t(x) = -35*x. Let i be (-2)/(2/(-1))*-1. List the prime factors of t(i).
5, 7
Let o be 8/(-4) + 2 + 3. Suppose w - 49 = -4*c, -o*c = 2*c + 2*w - 62. Let t = 21 - c. What are the prime factors of t?
3
Let j = 43 + -49. List the prime factors of (214 - 0)/(j + 4 - -4).
107
Suppose -v - v + 3510 = 2*m, -5*v + 8810 = -2*m. What are the prime factors of v?
2, 5, 11
List the prime factors of (-4 - (-1821 - 5)) + -10.
2, 3, 151
Let d(r) = -r**2 + 12*r - 7. Let k be d(11). Suppose -k*o = o - 880. What are the prime factors of o/4 - (2 - 3)?
3, 5
Suppose 4*i - 7*i + 9 = 0, 0 = 4*p - i - 5. Let d(u) = -38*u**p - 2 + 36*u**2 + 3 - 29*u**3. List the prime factors of d(-1).
2, 7
Suppose 5*p + u - 12501 = 8823, 3*p = 3*u + 12798. What are the prime factors of p?
5, 853
Let p(o) = o**2 - 13*o + 2. Let m be p(13). Suppose -m*h + 6 - 42 = 0. List the prime factors of 6/27 - 356/h.
2, 5
Let j(p) be the first derivative of -5*p**2 + 1. Let x be j(-20). List the prime factors of 10/(-35) + x/14.
2, 7
Let v(p) = 3*p**2 - 1 - 2*p**2 - 3*p - 3. Let c be v(4). Suppose -d + 33 - 1 = c. List the prime factors of d.
2
List the prime factors of (-4147 + 4)/((-18)/12).
2, 1381
Suppose 9666 = 27*t - 18765. List the prime factors of t.
3, 13
Suppose 3*l - 34 + 28 = 0. Let j be 8*(3 + 2 + -1). Suppose -j + 4 = -l*d. What are the prime factors of d?
2, 7
What are the prime factors of (-1)/3 + 34390/57?
3, 67
Let i be (4/(-6))/(3/(-9)). Suppose i*y + 2*o + 26 = -o, -4*y - 4*o = 48. Let w = y - -30. What are the prime factors of w?
2, 5
Suppose 5*u = -3*p + 16, -3*p - 4*u = -16 + 2. Suppose -x = 2*x + 5*y - 307, -5*x - p*y = -480. What are the prime factors of x?
2, 47
Let i = 928 + 188. List the prime factors of i.
2, 3, 31
Suppose 4*t = -m - 6 - 2, -4*t + m = 8. What are the prime factors of (40/15)/(348/171 + t)?
2, 19
Suppose -2*x - 301 = -i, -x + 3*x = -i + 281. List the prime factors of i.
3, 97
Suppose -2794 = 4*r - 9*r + 2*j, 3*r - 1689 = -3*j. List the prime factors of r.
2, 5, 7
Suppose -5*f - b = 2773, 0*b = -4*b - 12. What are the prime factors of f/(-12) - 7/42?
2, 23
What are the prime factors of (-4)/(-28)*0 + 188?
2, 47
List the prime factors of 3 + (-5)/((-25)/4835).
2, 5, 97
Let g(k) = -41*k + 6. Let v(h) = -h - 10. Let m be v(-5). List the prime factors of g(m).
211
Let i(k) = 2*k - 7. Let v be i(5). Suppose -v*t + 19 - 4 = 0. List the prime factors of (-42)/(-4) + t/(-10).
2, 5
Let u be 24*(-2)/4*-1. Suppose 0 = -5*l + 10 - 0. Suppose 0*q = -q - 2*w + u, 3*w = l*q - 24. List the prime factors of q.
2, 3
List the prime factors of 11092*11*(-8)/(-352).
47, 59
Let s(g) = 36*g**2 + 54*g + 12. List the prime factors of s(6).
2, 3, 17
Suppose 5*d - 200 = -4*o + 764, 0 = -4*o - 3*d + 956. List the prime factors of o.
2, 59
Suppose 20*v - 4*v - 224 = 0. Let b be (-2)/(-2 - 2/(-2)). Suppose -b*m - v = -4*m. List the prime factors of m.
7
Let u be 3 - (-2)/(-1 + 3). Let q = u - -1. What are the prime factors of 3 + -4 + q + 42?
2, 23
Let w be 2770/8 + 6/8 + 0. Let n = 518 - w. What are the prime factors of n?
3, 19
Let w(k) = 6*k + 15. Suppose -4*b - 13 = 5*t, -2*t + 6 = -2*b + 22. What are the prime factors of w(b)?
3, 11
List the prime factors of 0 - 6/3 - -482.
2, 3, 5
Suppose 4 - 19 = 3*a, 5*c + 4*a - 20 = 0. Let z = c + -2. Suppose 0 = -g + 19 + z. What are the prime factors of g?
5
Suppose -21*h + 6*h + 4800 = 0. List the prime factors of h.
2, 5
Let t(y) = 2*y**3 + 54*y**2 - 8*y - 5. Suppose 2*r + r = 6, -4*q - 4*r = 100. List the prime factors of t(q).
211
Let f be (-3204)/39 + (-6)/(-39). Let j be (f - 2)/4 + -3. What are the prime factors of ((-20)/16)/(2/j)?
3, 5
Suppose -3*j + 0*n + 2*n + 238 = 0, -5*n = 5*j - 430. Suppose -2*i = -j - 64. List the prime factors of i.
73
Suppose -2*c + 2*b = -c - 561, 0 = 4*c - b - 2279. What are the prime factors of c?
571
What are the prime factors of (545/10 + 8)/((-1)/(-22))?
5, 11
Let j(c) = c - 3. Let g be j(0). Let r(s) = -34*s + 3 + 54*s - 29*s. What are the prime factors of r(g)?
2, 3, 5
List the prime factors of (-3 - (-28)/10) + 82332/60.
2, 7
Suppose 0 = -3*v - 0*v - 4*w + 259, 4*v - 3*w - 312 = 0. Suppose 0 = -78*q + v*q - 519. What are the prime factors of q?
173
Let l(i) = i**3 + 24*i**2 - 105*i + 23. What are the prime factors of l(-23)?
3, 23, 43
Suppose 5*v - 4*z = -161 - 59, 4*v - 2*z = -170. Let w = v + 42. List the prime factors of w.
2
Let m = -18 + 24. Let t(b) = b**2 - 2. Let y be t(-2). Suppose -m*a = -y*a - 52. List the prime factors of a.
13
Suppose 30*s - 9*s - 4956 = 0. What are the prime factors of s?
2, 59
Let r(t) = t**3 + 12*t**2 - 14*t - 21. Let v be r(-13). Let c(x) = -18*x - 18. What are the prime factors of c(v)?
2, 3, 7
Let i(r) be the third derivative of r**4/3 - 31*r**3/6 + 10*r**2. List the prime factors of i(5).
3
Suppose 2*f - 263 = -3*o, -4*f = -2*f - 2. Let g = 237 - o. What are the prime factors of g?
2, 3, 5
Suppose f - 2*r - 470 = 0, 505 = -25*f + 26*f + 5*r. List the prime factors of f.
2, 3, 5
Let n be (8/(-60)*-3)/(1/60). Suppose 728 = 28*m - n*m. List the prime factors of m.
2, 7, 13
Let a be (-2)/(2 + -7 - -4). Suppose -2*l + m = -140, -5*m = l - a*m - 63. List the prime factors of l.
3, 23
Let t = -12 + 6. Let r(n) = -n**3 - 7*n**2 - 15*n + 2. List the prime factors of r(t).
2, 7
Suppose -g + 36 = 216. Let n = g + 381. List the prime factors of n.
3, 67
What are the prime factors of (-2696 + 8)/(-8)*1?
2, 3, 7
List the prime factors of 1233 + 18 + (-2 - 3).
2, 7, 89
List the prime factors of 2 + -1 + (1308 - 48/6).
1301
Let n = 98 - 64. Let r = n + -7. List the prime factors of 2/(2 + r/(-15)).
2, 5
List the prime factors of 1820*6/15*(-70)/(-56).
2, 5, 7, 13
Suppose -3*r - 1 = y - 6, -4*y + 20 = 3*r. Let g = r - 2. Let x(l) = l**2 + l + 2. List the prime factors of x(g).
2
Suppose 16*h = 15*h + 88. What are the prime factors of (-3 + 36/8)*(2 + h)?
3, 5
Let j be 5/(-10) + (-2)/(-4). Suppose -x = m - 69, -5*m + 5*x + j*x + 355 = 0. Suppose -m = -3*p + 4*l, 0 = -5*p + l + 88 + 57. What are the prime factors of p?
2, 3, 5
Let t(y) = -y - 11. Let w be t(-11). Suppose 0 = -5*l - 2*o + 275, 5 = -w*o - o. What are the prime factors of l?
3, 19
Let y be (-1062)/54 + ((-4)/(-6) - 1). Let a(w) = -2*w + 26. List the prime factors of a(y).
2, 3, 11
Let b(k) = -6*k + 2. Let i be b(-3). Suppose 0 = 6*x - 3*x + 5*o - 2, i = 5*o. List the prime factors of (2/4)/(x/(-216)).
2, 3
Let b be (-8)/2 - (373 + 3). Let j = -200 - b. List the prime factors of j.
2, 3, 5
Let s(p) = p**3 - 5*p**2 - p + 2. Let w be s(5). What are the prime factors of (0 + -1)/(w/303)?
101
Let f be 1*-37*((-4)/(-1) - 2). What are the prime factors of (0 + f)*(1 + -3)?
2, 37
Suppose 0*y = 2*y - 3*u - 323, -3*y = u - 457. Let t = y 